{"id":272,"date":"2023-08-17T20:40:06","date_gmt":"2023-08-17T20:40:06","guid":{"rendered":"https:\/\/arrotxae.org\/?page_id=272"},"modified":"2023-08-17T21:09:09","modified_gmt":"2023-08-17T21:09:09","slug":"faq","status":"publish","type":"page","link":"https:\/\/arrotxae.org\/?page_id=272","title":{"rendered":"FAQ"},"content":{"rendered":"<p>[et_pb_section fb_built=&#8221;1&#8243; admin_label=&#8221;FAQ&#8221; _builder_version=&#8221;4.16&#8243; locked=&#8221;off&#8221; global_colors_info=&#8221;{}&#8221;][et_pb_row _builder_version=&#8221;4.16&#8243; max_width=&#8221;700px&#8221; locked=&#8221;off&#8221; global_colors_info=&#8221;{}&#8221;][et_pb_column type=&#8221;4_4&#8243; _builder_version=&#8221;4.16&#8243; custom_padding=&#8221;|||&#8221; global_colors_info=&#8221;{}&#8221; custom_padding__hover=&#8221;|||&#8221;][et_pb_text _builder_version=&#8221;4.16&#8243; text_font=&#8221;||||||||&#8221; text_font_size=&#8221;16px&#8221; text_line_height=&#8221;1.8em&#8221; header_font=&#8221;||||||||&#8221; header_2_font=&#8221;Bitter||||||||&#8221; header_2_font_size=&#8221;42px&#8221; header_2_line_height=&#8221;1.2em&#8221; text_font_size_tablet=&#8221;&#8221; text_font_size_phone=&#8221;14px&#8221; text_font_size_last_edited=&#8221;on|desktop&#8221; header_2_font_size_tablet=&#8221;32px&#8221; header_2_font_size_phone=&#8221;26px&#8221; header_2_font_size_last_edited=&#8221;on|phone&#8221; text_text_align=&#8221;left&#8221; locked=&#8221;off&#8221; global_colors_info=&#8221;{}&#8221;]<\/p>\n<h2>Preguntas frecuentes<\/h2>\n<p>[\/et_pb_text][et_pb_accordion closed_toggle_background_color=&#8221;#ffffff&#8221; icon_color=&#8221;#4359e9&#8243; _builder_version=&#8221;4.21.0&#8243; toggle_font=&#8221;Bitter||||||||&#8221; toggle_font_size=&#8221;18px&#8221; toggle_line_height=&#8221;1.6em&#8221; body_font=&#8221;||||||||&#8221; body_text_align=&#8221;left&#8221; body_font_size=&#8221;16px&#8221; body_line_height=&#8221;1.8em&#8221; hover_enabled=&#8221;0&#8243; toggle_font_size_tablet=&#8221;&#8221; toggle_font_size_phone=&#8221;14px&#8221; toggle_font_size_last_edited=&#8221;on|desktop&#8221; body_font_size_tablet=&#8221;&#8221; body_font_size_phone=&#8221;14px&#8221; body_font_size_last_edited=&#8221;on|desktop&#8221; border_width_all=&#8221;0px&#8221; box_shadow_style=&#8221;preset1&#8243; box_shadow_vertical=&#8221;24px&#8221; box_shadow_blur=&#8221;100px&#8221; box_shadow_spread=&#8221;-48px&#8221; box_shadow_color=&#8221;rgba(0,0,0,0.24)&#8221; box_shadow_spread_tablet=&#8221;-44px&#8221; box_shadow_spread_last_edited=&#8221;off|phone&#8221; global_colors_info=&#8221;{}&#8221; sticky_enabled=&#8221;0&#8243;][et_pb_accordion_item title=&#8221;\u00bfQu\u00e9 es una comunidad ciudadana de energ\u00eda?&#8221; open=&#8221;on&#8221; _builder_version=&#8221;4.21.0&#8243; custom_margin=&#8221;||0px&#8221; global_colors_info=&#8221;{}&#8221;]<\/p>\n<p>Comunidad energ\u00e9tica, persona jur\u00eddica basada en la participaci\u00f3n abierta y voluntaria, efectivamente controlada por socios o miembros que sean personas f\u00edsicas, pymes o entidades locales, que desarrolle proyectos de energ\u00edas renovables, eficiencia energ\u00e9tica y\/o movilidad sostenible que sean propiedad de dicha persona jur\u00eddica y cuya finalidad primordial sea proporcionar beneficios medioambientales, econ\u00f3micos o sociales a sus socios o miembros o a las zonas locales donde operan, en lugar de ganancias financieras.<\/p>\n<p>[\/et_pb_accordion_item][et_pb_accordion_item title=&#8221;\u00bfQuien puede participar en la comunidad energ\u00e9tica?&#8221; _builder_version=&#8221;4.21.0&#8243; custom_margin=&#8221;||0px&#8221; global_colors_info=&#8221;{}&#8221; open=&#8221;off&#8221;]<\/p>\n<p>En dicha entidad se pueden integrar personas f\u00edsicas y jur\u00eddicas tanto p\u00fablicas como privadas (pymes y otro tipo de entidades cuya actividad econ\u00f3mica no se desarrolle en el mercado el\u00e9ctrico) sobre las que recaer\u00e1 el efectivo control de la entidad. El objetivo principal es ofrecer beneficios medioambientales, econ\u00f3micos o sociales a sus miembros o a la localidad en la que desarrolla su actividad, m\u00e1s que generar una rentabilidad financiera.<\/p>\n<p>[\/et_pb_accordion_item][et_pb_accordion_item title=&#8221;\u00bfQu\u00e9 puede hacer una comunidad energ\u00e9tica?&#8221; _builder_version=&#8221;4.21.0&#8243; custom_margin=&#8221;||0px&#8221; global_colors_info=&#8221;{}&#8221; open=&#8221;off&#8221;]<\/p>\n<p>Una comunidad ciudadana de energ\u00eda puede participar en la generaci\u00f3n, incluida la energ\u00eda procedente de fuentes renovables, la distribuci\u00f3n, el suministro, el consumo, la agregaci\u00f3n, el almacenamiento de energ\u00eda, la prestaci\u00f3n de servicios de eficiencia energ\u00e9tica (como renovaci\u00f3n de edificios), la prestaci\u00f3n de servicios de recarga para veh\u00edculos el\u00e9ctricos o de otros servicios energ\u00e9ticos destinados a los miembros de la comunidad o a su localidad.<\/p>\n<p>[\/et_pb_accordion_item][et_pb_accordion_item title=&#8221;\u00bfEs necesario ser socia\/o de la comunidad energ\u00e9tica para poder acceder a los servicios?&#8221; _builder_version=&#8221;4.21.0&#8243; custom_margin=&#8221;||0px&#8221; global_colors_info=&#8221;{}&#8221; open=&#8221;off&#8221;]<\/p>\n<p>S\u00ed, es necesario pagar la cuota para poder acceder a los servicios.<\/p>\n<p>[\/et_pb_accordion_item][et_pb_accordion_item title=&#8221;\u00bfCuanto se paga de cuota?&#8221; _builder_version=&#8221;4.21.0&#8243; custom_margin=&#8221;||0px&#8221; hover_enabled=&#8221;0&#8243; global_colors_info=&#8221;{}&#8221; open=&#8221;off&#8221; sticky_enabled=&#8221;0&#8243;]<\/p>\n<p>La aportaci\u00f3n econ\u00f3mica inicial es de <b>30\u20ac<\/b> +<b> <\/b>la cuota anual<b> 50\u20ac<\/b><\/p>\n<p>[\/et_pb_accordion_item][\/et_pb_accordion][\/et_pb_column][\/et_pb_row][\/et_pb_section]<\/p>\n","protected":false},"excerpt":{"rendered":"<p>Preguntas frecuentesComunidad energ\u00e9tica, persona jur\u00eddica basada en la participaci\u00f3n abierta y voluntaria, efectivamente controlada por socios o miembros que sean personas f\u00edsicas, pymes o entidades locales, que desarrolle proyectos de energ\u00edas renovables, eficiencia energ\u00e9tica y\/o movilidad sostenible que sean propiedad de dicha persona jur\u00eddica y cuya finalidad primordial sea proporcionar beneficios medioambientales, econ\u00f3micos o sociales [&hellip;]<\/p>\n","protected":false},"author":1,"featured_media":0,"parent":0,"menu_order":0,"comment_status":"closed","ping_status":"closed","template":"","meta":{"_et_pb_use_builder":"on","_et_pb_old_content":"","_et_gb_content_width":""},"_links":{"self":[{"href":"https:\/\/arrotxae.org\/index.php?rest_route=\/wp\/v2\/pages\/272"}],"collection":[{"href":"https:\/\/arrotxae.org\/index.php?rest_route=\/wp\/v2\/pages"}],"about":[{"href":"https:\/\/arrotxae.org\/index.php?rest_route=\/wp\/v2\/types\/page"}],"author":[{"embeddable":true,"href":"https:\/\/arrotxae.org\/index.php?rest_route=\/wp\/v2\/users\/1"}],"replies":[{"embeddable":true,"href":"https:\/\/arrotxae.org\/index.php?rest_route=%2Fwp%2Fv2%2Fcomments&post=272"}],"version-history":[{"count":3,"href":"https:\/\/arrotxae.org\/index.php?rest_route=\/wp\/v2\/pages\/272\/revisions"}],"predecessor-version":[{"id":295,"href":"https:\/\/arrotxae.org\/index.php?rest_route=\/wp\/v2\/pages\/272\/revisions\/295"}],"wp:attachment":[{"href":"https:\/\/arrotxae.org\/index.php?rest_route=%2Fwp%2Fv2%2Fmedia&parent=272"}],"curies":[{"name":"wp","href":"https:\/\/api.w.org\/{rel}","templated":true}]}}